24/(-32))/(3/(-8)). Let g be -3*1*(-10)/3. Suppose -3*w - l*s = -g, -2*s = 5*w - s - 26. What is the units digit of w?
6
Suppose -4*b + 85 = -75. What is the units digit of b?
0
What is the units digit of (0 - (-4)/2) + 1 + 61?
4
What is the tens digit of (-7500)/(-132) + (-4)/(-22)?
5
Let k = 45 + -21. Suppose f = 4*f - k. What is the units digit of ((-3)/12)/((-2)/f)?
1
Let z = 55 + -12. What is the tens digit of z?
4
Let m be ((-885)/6)/(1/(-2)). What is the units digit of 4/(-6) + m/15?
9
Suppose 10*w - 538 = 982. What is the tens digit of w?
5
Suppose -n = -u - 5, 4*n - n - 6 = 0. What is the tens digit of (22 - -2) + (-3)/u?
2
Suppose -5*t = -35 - 15. Suppose -t = 3*j - 3*g - 58, 5*g = -4*j + 55. What is the tens digit of j?
1
What is the tens digit of 163/1 + -1 + -2 + 5?
6
Let g(d) = 6*d - 24. What is the units digit of g(7)?
8
Suppose 0 = -6*v + 3*v + 6. Suppose 0 = v*f - 6*f. Suppose 4*c - 20 = -f*c. What is the units digit of c?
5
Suppose 2*f - 4*l = 24, -2*f + 2*l + 11 + 3 = 0. Let s be 4/(-7) - (-4)/7. Let x = f + s. What is the units digit of x?
2
Let i(p) = -5 + 6 - 2 + p + 0*p. What is the units digit of i(3)?
2
Let w(u) = u + 2. Let r be w(-4). Let i = 1 - r. Suppose -i*t = 2*t - 45. What is the units digit of t?
9
Suppose n + 49 = 2*n. What is the tens digit of n?
4
Let m(i) = -i**2 + i + 3. Let s be m(0). Suppose -s = -3*v - 27. Let b = v + 15. What is the units digit of b?
7
Let u = 75 - 36. What is the tens digit of u?
3
Let q be 2 - (3/(-3) - -8). Let m(v) be the second derivative of -v**3/6 + 7*v**2/2 + v. What is the tens digit of m(q)?
1
Let y = 393 + -117. What is the hundreds digit of y?
2
Suppose -5*b + 16 = 4*n, 0 = -n - 4*b + 7 + 8. Let l(a) = -3*a + 3 - 2 - 1. What is the units digit of l(n)?
3
Let y(o) = -2*o**3 - 4*o**2 + 3*o - 1. What is the units digit of y(-4)?
1
Let u = 18 + 1. Let i be -1*1/(-1) + u. Suppose 2*s = -0*s + i. What is the tens digit of s?
1
Let r = -1 + -3. Let a(p) = 3*p - 2 - 1 + 2*p - 6*p. What is the units digit of a(r)?
1
Suppose -4*y = 4*f - 6*y - 96, f - 19 = 3*y. What is the tens digit of f?
2
Let l(x) = -x**2 - 8*x + 5. Let h be l(-8). Suppose -6*p + 2*p - 60 = -h*a, -3*a = -4*p - 36. What is the units digit of a?
2
Let p(n) = -3*n**2 + 2*n + 1. Let m = -11 + 13. Let x be p(m). What is the units digit of ((-2)/(-6))/(x/(-357))?
7
Suppose 21 = -k - 2*t + 289, -2*t = -6. What is the units digit of k?
2
Let f be (0 - (-2 + 1))*3. Suppose f*b + 60 = 8*b. What is the units digit of b?
2
Let g be 6/15 - (-23)/5. Let o(c) = 5*c + c - 7 - 3*c. What is the units digit of o(g)?
8
Suppose 3*r = -r - h + 131, 0 = -h - 1. What is the tens digit of r?
3
Suppose -25 = 7*u - 249. What is the units digit of u?
2
Let a = 46 - 23. What is the tens digit of a?
2
Let q = -13 - -25. Let v = q - 2. What is the tens digit of v?
1
Let h be (12/8)/(3/4). Let n(f) = f**3 + 3*f**2 - 3*f + 1. What is the units digit of n(h)?
5
Suppose 0 = 3*v + v - 16. Suppose 18 = v*u - 6. What is the units digit of u?
6
What is the units digit of 1 - 1 - (-3 - -2 - 0)?
1
What is the units digit of -3 - (-1)/(-2)*-206?
0
Suppose -22 = 2*d - d. Let h = -14 - d. What is the units digit of h?
8
Let h = -266 + 385. Let q = -59 + h. Suppose -5*r + q = -0*r. What is the tens digit of r?
1
Suppose -8 = -2*r + 2. Suppose -2 = r*w - 22. Suppose -3*p + 3 = 3*x, -3*p + w = 7. What is the units digit of x?
2
Let c(s) = s**3 + 5*s**2 + 4*s - 3. Let j be c(-4). Let i(h) = -2*h - 3. Let n be i(j). Suppose -u + 32 = n*u. What is the units digit of u?
8
Let g be -2*(-9)/(-12)*-2. Let v(t) = -t. Let y(a) = -2*a + 1. Let n(m) = -5*v(m) + y(m). What is the units digit of n(g)?
0
Let k be -1 - ((-10)/2 + 1). Suppose o + 1 + 2 = b, -k*o = 0. What is the units digit of 30/((-9)/(-2) - b)?
0
Suppose 5*a + 125 = 5*u - 0*a, 2*u - 50 = -5*a. Let x = 44 - u. Let k = x + -10. What is the units digit of k?
9
Let o = -172 - -62. What is the tens digit of o/(-8) + 1/4?
1
Let b(g) be the first derivative of -g**3/3 - 9*g**2/2 + 6*g + 1. Let j be b(-8). Suppose 2*h + 9 = l, l - 4*h - j = -7*h. What is the units digit of l?
1
Let j = 138 + -78. What is the tens digit of j?
6
Suppose -12*b - 60 = -14*b. What is the units digit of b?
0
What is the tens digit of 1/(-2) + 315/10?
3
Let s = -4 + 11. Let k(z) = 5*z**2 - 12*z + 5. Let h(y) = -9*y**2 + 23*y - 10. Let v(m) = s*k(m) + 4*h(m). What is the tens digit of v(5)?
1
Let q(n) = n**3 + n**2 + 1. Let k = -8 + 8. What is the units digit of q(k)?
1
Let b be -1 - (9/1 + -4). Let r = b - -21. What is the units digit of r?
5
Let k be (-100)/30*48/(-10). What is the units digit of 43/5 + k/40?
9
Let i = 4 - 4. Suppose -4*q - q + 55 = i. Suppose -d = -5*x - 22, -3*d + 5*x - q + 37 = 0. What is the units digit of d?
2
Suppose v + 2*c = 6 - 0, 2*v - 2*c = 0. Suppose -7*h + 55 = -v*h. What is the tens digit of h?
1
Suppose -5*i - 32 = -3*x - 0*i, 36 = 4*x - 5*i. Let l = x + -2. What is the units digit of (-5)/l*(-12)/10?
3
Let y = 105 + 21. Suppose 5*f - y + 41 = 0. Suppose 4*o - 3*v = f, v - 5*v = -20. What is the units digit of o?
8
Let p(m) = 3*m + m**2 + 0*m**2 - 3*m. Let o be p(2). Suppose o*u + 3*n - 53 = 0, n + 52 = 5*u - 0*n. What is the units digit of u?
1
Suppose 0 = -4*x - 4, 5 = -2*c - 4*x - 5. What is the tens digit of c*(44/(-3) + -2)?
5
Let i(u) = -u**3 + 4*u**2 - 3*u + 1. Let c be i(2). Suppose 0 = -c*w - 30 + 126. What is the tens digit of w?
3
Suppose -x + 47 = 5*l, 2*x + x = -5*l + 151. What is the tens digit of x?
5
Suppose 0 = 2*m + 8 + 4. Let u = m - -22. What is the units digit of u?
6
Let f be 5/2 - (-2)/4. Suppose 2*g = 3*g - f. Suppose g*a = -2*a + 45. What is the units digit of a?
9
Let s = 104 + -49. What is the units digit of s?
5
Let t = -28 - -44. Suppose -4*h + 2*h - 68 = -3*n, 0 = n + h - t. What is the units digit of n?
0
Let a(z) = z**3 - 11*z**2 - 10*z - 14. Let c(y) = -y**2 + 10*y - 9. Let q be c(7). What is the units digit of a(q)?
0
Suppose 0 = -n + 74 - 25. What is the units digit of n?
9
Let v = -4 + 7. Let z(s) = s - 9. Let y be z(4). What is the units digit of (-4)/(y/v - -1)?
6
Let b be 3/(1/2*-2). Let k = -4 - b. What is the units digit of -1 + (-2 - 9/k)?
6
What is the hundreds digit of 309 - (-6*5/10 + 1)?
3
Let b be 4/(-10) + 2/5. Suppose 5*t - 2*f + 3*f - 11 = 0, 0 = -3*t + f + 5. Suppose -r + 23 = 7*o - 3*o, -4*r - t*o + 36 = b. What is the units digit of r?
7
Suppose 0 = -2*m - 5*b + 145, -6*m - 3*b = -2*m - 311. Let d = -10 + 15. Suppose 3*s = 3*z + 7*s - 52, -5*s + m = d*z. What is the tens digit of z?
1
What is the units digit of (151/(-1))/((-20)/4 - -4)?
1
Suppose 4*a - 42 = p, -8*p = 3*a - 3*p - 43. What is the tens digit of a?
1
What is the units digit of (1 - (-15)/(-9))/(6/(-1143))?
7
Suppose -3*l + 9 = 0, l - 4 = 5*c - 131. Let f = c - 17. Let m = 15 - f. What is the units digit of m?
6
What is the tens digit of (-9854)/(-65) + (-2)/(-5)?
5
Suppose 0 = 3*p - f + 5, -5*f - 11 = 5*p - 2*p. Let b = 11 - p. Suppose 0*w - 3*w = -15, w - b = -n. What is the units digit of n?
8
What is the tens digit of (-2)/(-3)*-3 - -21?
1
What is the units digit of (188 - 2)/1 - 4?
2
Suppose 3*f + 2*i - 8 = 2*f, -f - i = -5. Suppose f*q - 4 + 2 = 0. Suppose b = 2 + q. What is the units digit of b?
3
Let a(u) = -u + 3. Let o be a(2). Let c be 12/4 + (o - 0). Suppose 4*q = 2*p + 62, 2*q + p + c*p - 37 = 0. What is the units digit of q?
6
Suppose -2*l = 11 - 15. Let b(r) = 11*r + 5. What is the units digit of b(l)?
7
Let j = -4 - -5. Suppose -p + 13 = j. What is the tens digit of p?
1
Suppose 0 = -4*b + 8*b - 24. Suppose 3*v - b = 2*v. What is the units digit of v?
6
Let s(q) = q + 1. Let y be s(7). Suppose y*b - 46 = 3*b + 3*r, -3*b = r - 22. What is the units digit of b?
8
Suppose 10*k - 3000 = -5*k. What is the tens digit of k?
0
Let m = 20 + -14. Suppose 5*g = 7*w - 2*w + 15, 0 = -g + 4*w + m. Suppose -p - p - 3*i + 23 = 0, 17 = -g*p + 5*i. What is the units digit of p?
4
Suppose -2*r + 15 = 3. What is the units digit of (r/(-5))/((-12)/30)?
3
What is the hundreds digit of 1546/10 - (-4)/10?
1
Suppose -103 = -5*g - j + 4*j, -2*g + 3*j + 43 = 0. What is the tens digit of g?
2
Let d be (-12)/(-15)*(-45)/(-6). Suppose -d = -c + 5. What is the units digit of c?
1
Let n = -5 - -55. Su